543750?
1
What is the tens digit of 489506761?
6
What is the ten millions digit of 142385005?
4
What is the tens digit of 141053155?
5
What is the tens digit of 754458258?
5
What is the hundred thousands digit of 3260000128?
0
What is the tens digit of 1380294230?
3
What is the ten millions digit of 116068915?
1
What is the hundreds digit of 159461275?
2
What is the ten thousands digit of 741109968?
0
What is the hundred thousands digit of 202555768?
5
What is the hundred millions digit of 5386545690?
3
What is the ten millions digit of 600964422?
0
What is the hundred thousands digit of 340395006?
3
What is the thousands digit of 765837668?
7
What is the units digit of 120910071?
1
What is the millions digit of 620659494?
0
What is the hundred thousands digit of 323162212?
1
What is the ten thousands digit of 957595237?
9
What is the hundred thousands digit of 83467994?
4
What is the ten thousands digit of 30174209?
7
What is the units digit of 514389?
9
What is the thousands digit of 1106118792?
8
What is the tens digit of 1478458217?
1
What is the hundred millions digit of 3923613693?
9
What is the tens digit of 1578828791?
9
What is the hundred millions digit of 927558584?
9
What is the ten millions digit of 51458567?
5
What is the hundred millions digit of 161066852?
1
What is the millions digit of 110114798?
0
What is the ten millions digit of 141462521?
4
What is the billions digit of 1019941663?
1
What is the billions digit of 1063264685?
1
What is the billions digit of 8661703630?
8
What is the hundred millions digit of 2099773901?
0
What is the tens digit of 28229587?
8
What is the ten thousands digit of 306764230?
6
What is the hundreds digit of 214025220?
2
What is the millions digit of 29799211?
9
What is the hundred millions digit of 138122123?
1
What is the hundreds digit of 124702858?
8
What is the ten thousands digit of 92307128?
0
What is the hundred thousands digit of 602731609?
7
What is the hundreds digit of 289194395?
3
What is the billions digit of 1662023879?
1
What is the hundred millions digit of 3003533178?
0
What is the tens digit of 872610068?
6
What is the ten thousands digit of 978302094?
0
What is the millions digit of 20869546?
0
What is the hundred millions digit of 525381551?
5
What is the ten millions digit of 1192514545?
9
What is the hundreds digit of 892922769?
7
What is the millions digit of 91520981?
1
What is the tens digit of 6863170486?
8
What is the ten thousands digit of 13576221?
7
What is the thousands digit of 106548972?
8
What is the units digit of 49956157?
7
What is the tens digit of 57088297?
9
What is the thousands digit of 1143135152?
5
What is the tens digit of 23216364?
6
What is the units digit of 815430829?
9
What is the millions digit of 20767284?
0
What is the units digit of 31230102?
2
What is the hundreds digit of 190308613?
6
What is the thousands digit of 4301061194?
1
What is the ten thousands digit of 79000126?
0
What is the ten thousands digit of 623134535?
3
What is the hundreds digit of 256084629?
6
What is the millions digit of 366790338?
6
What is the ten thousands digit of 154614563?
1
What is the tens digit of 15774140?
4
What is the ten millions digit of 7219296319?
1
What is the millions digit of 2394343840?
4
What is the billions digit of 1575140399?
1
What is the hundreds digit of 15808338?
3
What is the ten thousands digit of 1494255136?
5
What is the ten thousands digit of 221057186?
5
What is the thousands digit of 1727465?
7
What is the units digit of 488381320?
0
What is the ten millions digit of 115009092?
1
What is the thousands digit of 10562501?
2
What is the thousands digit of 235300971?
0
What is the hundreds digit of 140797212?
2
What is the tens digit of 1576472200?
0
What is the ten millions digit of 50941694?
5
What is the tens digit of 190530344?
4
What is the tens digit of 32895624?
2
What is the thousands digit of 1523880127?
0
What is the hundreds digit of 86489397?
3
What is the hundred millions digit of 130664376?
1
What is the units digit of 53585658?
8
What is the units digit of 22060364?
4
What is the tens digit of 222017120?
2
What is the ten millions digit of 4518285301?
1
What is the millions digit of 693740261?
3
What is the thousands digit of 634484911?
4
What is the tens digit of 210892964?
6
What is the ten millions digit of 3143141540?
4
What is the ten millions digit of 34738050?
3
What is the ten millions digit of 72127421?
7
What is the units digit of 2554552890?
0
What is the thousands digit of 141573030?
3
What is the ten thousands digit of 77744734?
4
What is the units digit of 1457612512?
2
What is the ten millions digit of 24895044?
2
What is the ten millions digit of 1339541463?
3
What is the hundred thousands digit of 17520646?
5
What is the thousands digit of 125010900?
0
What is the hundred thousands digit of 7979708904?
7
What is the millions digit of 516923146?
6
What is the ten millions digit of 40631937?
4
What is the ten millions digit of 5138142567?
3
What is the tens digit of 115922535?
3
What is the ten millions digit of 48347406?
4
What is the hundred millions digit of 364221114?
3
What is the hundreds digit of 222206057?
0
What is the units digit of 3506536120?
0
What is the ten thousands digit of 556267349?
6
What is the millions digit of 569570815?
9
What is the hundreds digit of 7533564?
5
What is the ten thousands digit of 34059668?
5
What is the units digit of 638966708?
8
What is the hundred thousands digit of 19445801?
4
What is the thousands digit of 135255715?
5
What is the billions digit of 1438804798?
1
What is the billions digit of 6273199489?
6
What is the ten thousands digit of 96998628?
9
What is the millions digit of 11329191?
1
What is the ten millions digit of 163085908?
6
What is the ten thousands digit of 4206398776?
9
What is the units digit of 9540712453?
3
What is the ten millions digit of 114930559?
1
What is the millions digit of 51810149?
1
What is the units digit of 74432246?
6
What is the ten millions digit of 43970725?
4
What is the thousands digit of 200979418?
9
What is the hundreds digit of 23400431?
4
What is the ten thousands digit of 537024747?
2
What is the hundred thousands digit of 12013852?
0
What is the tens digit of 1604732941?
4
What is the hundreds digit of 313646508?
5
What is the ten thousands digit of 585963050?
6
What is the hundreds digit of 10718607?
6
What is the hundreds digit of 2349231824?
8
What is the hundred thousands digit of 24133322?
1
What is the billions digit of 4730261149?
4
What is the tens digit of 462647148?
4
What is the ten thousands digit of 57475375?
7
What is the thousands digit of 4765856547?
6
What is the hundred thousands digit of 9295887?
2
What is the ten millions digit of 790307562?
9
What is the tens digit of 51698895?
9
What is the hundred millions digit of 954955491?
9
What is the ten thousands digit of 1225483446?
8
What is the ten millions digit of 71993751?
7
What is the ten millions digit of 299437909?
9
What is the hundred thousands digit of 77293969?
2
What is the units digit of 182749319?
9
What is the ten millions digit of 4668128439?
6
What is the hundred thousands digit of 21050463?
0
What is the thousands digit of 20654018?
4
What is the units digit of 996873286?
6
What is the ten thousands digit of 161731378?
3
What is the billions digit of 2516090672?
2
What is the millions digit of 183529584?
3
What is the thousands digit of 4400557427?
7
What is the thousands digit of 3162888345?
8
What is the hundreds digit of 264093012?
0
What is the tens digit of 422903872?
7
What is the millions digit of 23474492?
3
What is the ten thousands digit of 1414952766?
5
What is the billions digit of 1488023475?
1
What is the millions digit of 452191149?
2
What is the hundred thousands digit of 13572356?
5
What is the ten millions digit of 1200369877?
0
What is the tens digit of 568374621?
2
What is the ten thousands digit of 311791457?
9
What is the ten millions digit of 2145697113?
4
What is the ten thousands digit of 247101319?
0
What is the tens digit of 368477123?
2
What is the tens digit of 560516421?
2
What is the hundred millions digit of 333707407?
3
What is the ten thousands digit of 193685106?
8
What is the ten millions digi